2*o, -4*o - 5*z + 5773 = 0. List the prime factors of o.
3, 479
List the prime factors of (-28)/8 - (-22392)/16.
2, 349
Suppose 2*o = 2*r + r - 4, -3*r = 3*o - 24. Suppose k + r*s = 58, k - 4*s - 51 + 1 = 0. What are the prime factors of k?
2, 3
Let q(u) = 49*u**3 + 36*u**2 + 7*u - 9. What are the prime factors of q(4)?
7, 13, 41
List the prime factors of (-485)/(-4) - 1 - 273/(-364).
11
Let j = -1465 + 2086. What are the prime factors of j?
3, 23
Suppose -4*u + 3182 = 90*r - 93*r, -4*u - 3*r + 3194 = 0. List the prime factors of u.
797
Let j = 504 - 302. What are the prime factors of j?
2, 101
Suppose 11*f + 30366 = 32*f. What are the prime factors of f?
2, 3, 241
Let p(k) = -k**2 - 3*k + 4. Let c be p(-3). Suppose c*f + 21 = 7*f. Let r(w) = -w**3 + 9*w**2 - 11*w + 11. List the prime factors of r(f).
2
Let z = 7 - 4. Suppose -2*h + 4 = z*a - 4*h, 0 = 4*h - 4. Suppose 40 = a*m - b - 10, -5*m - 3*b + 114 = 0. What are the prime factors of m?
2, 3
What are the prime factors of (-9439)/(-6) - 2/12?
11, 13
Let u = 9360 - 6566. What are the prime factors of u?
2, 11, 127
Let h(c) = -c + 14. Suppose 30 = 5*i - 0*i. Let l be h(i). Suppose l*u - 3*u - 100 = 0. List the prime factors of u.
2, 5
What are the prime factors of (-310)/248 - 16746/(-8)?
2, 523
What are the prime factors of 13788/30*((-40)/12 + 5)?
2, 383
Let p(i) = 138*i - 1. Let k be p(-1). Let x = -97 - k. List the prime factors of x.
2, 3, 7
Let z be 8 + -1 - 9/3*1. Suppose 3*h + 2*m = 6*m + 114, 0 = -z*h + 2*m + 142. List the prime factors of h.
2, 17
Let o = -73 + 81. Suppose o*f - 7*f = 276. List the prime factors of f.
2, 3, 23
Suppose 144*t = 154*t - 33610. List the prime factors of t.
3361
Let b(m) = 2*m**2 - m + 294. Let r be b(0). Let l = -173 + r. What are the prime factors of l?
11
Suppose 104*m - 88*m - 18848 = 0. List the prime factors of m.
2, 19, 31
Suppose 1 = 3*h - 4*m - 7, -18 = -5*h + 2*m. Suppose a = 4*t + 28, -h*a + 0*t = 5*t - 28. List the prime factors of ((-86)/6)/((-4)/a).
43
List the prime factors of -7 - (-13380)/75*10/4.
439
Let d(u) = 2*u**2 + 20*u - 449. List the prime factors of d(45).
7, 643
Let z(y) = -3*y**3 + y**2 + y + 3. Let a be z(3). Suppose r + 6 = -0*r. List the prime factors of a/(-4) - r/12.
17
Suppose -5*k = 5*q, 2 = -3*k - 5*q - 2. What are the prime factors of 189/3 + (-3)/(-1 + k)?
2, 3, 5
Suppose -29*f = 16*f - 81990. What are the prime factors of f?
2, 911
Suppose 5*u + 407 = 4*p - 304, 4*p - 2*u - 702 = 0. Suppose 6 = 3*g - 3*o - p, -5*g = o - 324. What are the prime factors of g?
2
Let l(z) = 2*z**2 - 2*z - 5. Let p be l(-2). List the prime factors of (p*-1)/(22/(-66)).
3, 7
Let u(r) = -r**2 - 37*r + 0*r**2 + 10 + 54*r. List the prime factors of u(17).
2, 5
Let t = 2678 + -545. List the prime factors of t.
3, 79
Suppose 0 = 4*p - 25 + 5. List the prime factors of 1*(5/p - -222).
223
Let a(i) = 105*i**2 - 6*i - 35. List the prime factors of a(5).
2, 5
Suppose 4*r - 20 = -u, r + 2*u + 2 = -0*r. Suppose 2*a = -v + 30, 5*v = -2*a + 165 - 47. Let w = v - r. List the prime factors of w.
2
Suppose 0*t + 5 = t. Let b(k) = 0 + 2*k**2 + 5 - 4 - 4*k. What are the prime factors of b(t)?
31
Suppose 12*m = 14*m. Suppose -5*x + 55 = -5*h - m*x, -h = -2*x + 12. Let g(v) = v**2 + 9*v - 4. List the prime factors of g(h).
2, 3
Suppose 8357 = 4*a + 3*w, -4*w + 333 = -a + 2446. What are the prime factors of a?
7, 13, 23
Let b be (1/(-2))/(21/(-3528)). Suppose -2*v - 2*v + b = 0. What are the prime factors of v?
3, 7
Suppose -5*m + 18 = 4*m. Suppose 0 = 5*b - m*g - 59, 2 = -0*g - g. List the prime factors of b.
11
Suppose -54 = q - 15. What are the prime factors of -1 - (q/1 - -1)?
37
Suppose 3*m + 6*r - 3403 = 4*r, -3*m + 3*r + 3423 = 0. What are the prime factors of m?
3, 379
Let l(b) = 17*b - 3. Let r be l(2). Suppose c - r = -2. What are the prime factors of c?
29
Let s(o) = 4*o + 50. Let v = 39 + -39. List the prime factors of s(v).
2, 5
Let w be (-1098)/(-8) + 2*(-2)/16. Let z = w - 73. What are the prime factors of z?
2
Suppose -98*g - 3141 = -107*g. What are the prime factors of g?
349
Let s(j) = 3*j + 9*j - 12 + 27. Let w be s(-7). Let i = -17 - w. List the prime factors of i.
2, 13
Let a = -216 + 416. What are the prime factors of a?
2, 5
Suppose -3*h + 4724 = -5*l, -9*h = -8*h - 5*l - 1588. What are the prime factors of h?
2, 7
Suppose 0 = 2*n - 142 - 166. Let w = n + 20. What are the prime factors of w?
2, 3, 29
Suppose -3*a + 9 = -4*z - 3, 0 = -5*a + 4*z + 20. Suppose -a*g + 2*g = 8. List the prime factors of 6*(-2)/g - -23.
2, 13
Suppose -242622 = -57*g + 3*g. What are the prime factors of g?
4493
Let n(v) = 12*v + 902. List the prime factors of n(9).
2, 5, 101
Suppose -u = 5*a - 2497, 494 = a - 8*u + 10*u. What are the prime factors of a?
2, 5
Let a = 19 + -8. Let i be (-7)/((-1 + 3)/4). Let p = a - i. List the prime factors of p.
5
Let s(i) = -i + 4. Let c be s(2). Suppose -170 = -g - w, c*g + 707 = 6*g - 5*w. What are the prime factors of g?
173
Let k be (-1514)/(-10) - (3 + 36/(-10)). Let q = k + -90. What are the prime factors of q?
2, 31
Let i = -634 - -1215. List the prime factors of i.
7, 83
Suppose -3*q + 365 + 139 = 0. What are the prime factors of q?
2, 3, 7
Let w be -777*(-2)/3*(-2)/(-2). Suppose -3*s = -5*r - s + 820, 4*s - w = -3*r. List the prime factors of r.
2, 83
Let j = -426 + 756. Suppose -2*v = 2*g + 4, 5*g + 0*v - 25 = 2*v. Suppose g*z = -2*z + j. List the prime factors of z.
2, 3, 11
Suppose g = 2*i - 10, i + 4 = 4*g + 4*i. Let b be -3 + (g - -5) - -2. Suppose -b*s - 52 = -4*s. List the prime factors of s.
2, 13
Suppose 0 = 2*p - 4*l + 2*l - 1078, 3*l = 2*p - 1081. What are the prime factors of p?
2, 67
List the prime factors of 1/1 - -137 - (-102 - -104).
2, 17
Suppose -d + 1346 = y, 5400 = 4*y - 3*d - d. List the prime factors of y.
2, 337
Let n be -2*(-3)/3 + -2. Suppose -18 = -5*c + 2, 3*f - c = 131. Suppose -3*x - 4*t + f = n, -x - 5*t = -5*x + 29. List the prime factors of x.
11
Suppose 5*d - d - 3*h + 7 = 0, 2*d + h - 9 = 0. Suppose -2*v + 5*l - 125 = d*v, -4*v + 3*l = 123. List the prime factors of (-876)/v + 12/15.
2, 3, 5
Suppose -27*d = 20*d - 13959. What are the prime factors of d?
3, 11
Let n(g) = 10*g**2 - 3 + 13 + 4*g - 9*g**2. What are the prime factors of n(-5)?
3, 5
Suppose 12 = 6*g - 3*g. Suppose -29 = g*k + 31. List the prime factors of 13/(3 - (-42)/k).
5, 13
Suppose -9*c + 7 - 43 = 0. What are the prime factors of (-2 + (6 - 3))*(8 - c)?
2, 3
Suppose i + 2*r = -4, -5*r - 4 = 2*i - 3*r. What are the prime factors of (-1 - i)/((-18)/1620)?
2, 3, 5
Let g(v) = -v**3 + 2*v**2 + 6*v - 2. Let w be g(4). Suppose 4*z + 0*z = -160. Let c = w - z. List the prime factors of c.
2, 3, 5
Suppose 229 = 3*u + 67. Let i = 77 + u. List the prime factors of i.
131
Let w(h) be the third derivative of 23*h**5/60 + h**4/24 + h**3/6 - 4*h**2. List the prime factors of w(-2).
7, 13
Suppose -a + n = -3*a + 9, 5*n - 27 = -4*a. List the prime factors of (4 + 5)/(a/33).
3, 11
What are the prime factors of 535*15/100*(9 - 1)?
2, 3, 107
Suppose -4*a + 2*a = -3*g + 1919, -2566 = -4*g - a. What are the prime factors of g?
641
Let k = 29 + -23. Suppose -k*b = -0*b. Suppose 5*p + 39 = 2*s - 40, b = -4*p + 20. What are the prime factors of s?
2, 13
Suppose -5*m + 9*z + 370 = 4*z, 3*m = -5*z + 230. Let f = m + -28. What are the prime factors of f?
47
Let c = 69 + -101. List the prime factors of (48/c)/(6/(-284)).
71
Let c = 2647 - 790. List the prime factors of c.
3, 619
Suppose -10*q + q + 5067 = 0. Suppose 10*o - q = 107. What are the prime factors of o?
67
Let n be -6 + (0 - 0)/(-3). Let v be 2/n + (-73)/(-3). Suppose -v - 41 = -5*d. List the prime factors of d.
13
Let q(b) = b**3 - b**2 - b + 9. Let f be q(-4). Let p = f - -137. Suppose 5 = 3*x - p. List the prime factors of x.
5
Suppose -4 = -7*o + 3*o. Let i be (-45)/(-3) + (o - 0). List the prime factors of 2 + (i - 1) - -3.
2, 5
Suppose -5*p + 239 = 4*g - 456, -4*p = 5*g - 880. Suppose -36*x + g = -32*x. What are the prime factors of x?
3, 5
Suppose 0 = 3*q - 236 + 89. Let r = 72 - q. Suppose 0 = 5*m - a - 123, -2*a + 3*a + r = m. What are the prime factors of m?
5
Let h(i) = i**2 + 2*i - 3. Let v = 3 + -6. Let s be h(v). Suppose s = -3*y + 2*y + 22. List the prime factors of